{"id":1953,"date":"2016-02-22T15:53:59","date_gmt":"2016-02-22T15:53:59","guid":{"rendered":"http:\/\/demo.themelogi.com\/navian\/?page_id=1953"},"modified":"2021-01-13T14:13:03","modified_gmt":"2021-01-13T14:13:03","slug":"kvkkform","status":"publish","type":"page","link":"https:\/\/distileicki.com.tr\/index.php\/kvkkform\/","title":{"rendered":"Kvkk Formu"},"content":{"rendered":"<p>[vc_row tlg_background_style=&#8221;bg-dark&#8221; tlg_padding=&#8221;pt0&#8243; css=&#8221;.vc_custom_1565801000259{background-color: #444444 !important;}&#8221;][vc_column width=&#8221;1\/6&#8243;][\/vc_column][vc_column width=&#8221;2\/3&#8243;]<div class=\"headings-title \"><div class=\"mb70 mb-xs-40 text-center\"><h5  class=\"widgettitle\"><cite><i>Distile \u0130\u00e7ki Sanayi ve Ticaret A.\u015e. (\u201c\u015eirket\u201d )<\/i><\/cite><\/h5><div  class=\"widgetsubtitle\">VER\u0130 SORUMLUSUNA BA\u015eVURU FORMU<\/div><\/div><\/div><div class=\"tlg-spacer  \" data-height=\"30\" data-height-tablet=\"20\" data-height-mobile=\"10\" style=\"clear:both;display:block;height:30px;\"><\/div><div class=\"tlg-spacer  \" data-height=\"30\" data-height-tablet=\"20\" data-height-mobile=\"10\" style=\"clear:both;display:block;height:30px;\"><\/div><div role=\"form\" class=\"wpcf7\" id=\"wpcf7-f6-o1\" lang=\"tr-TR\" dir=\"ltr\">\n<div class=\"screen-reader-response\"><p role=\"status\" aria-live=\"polite\" aria-atomic=\"true\"><\/p> <ul><\/ul><\/div>\n<form action=\"\/index.php\/wp-json\/wp\/v2\/pages\/1953#wpcf7-f6-o1\" method=\"post\" class=\"wpcf7-form init\" enctype=\"multipart\/form-data\" novalidate=\"novalidate\" data-status=\"init\">\n<div style=\"display: none;\">\n<input type=\"hidden\" name=\"_wpcf7\" value=\"6\" \/>\n<input type=\"hidden\" name=\"_wpcf7_version\" value=\"5.4.2\" \/>\n<input type=\"hidden\" name=\"_wpcf7_locale\" value=\"tr_TR\" \/>\n<input type=\"hidden\" name=\"_wpcf7_unit_tag\" value=\"wpcf7-f6-o1\" \/>\n<input type=\"hidden\" name=\"_wpcf7_container_post\" value=\"0\" \/>\n<input type=\"hidden\" name=\"_wpcf7_posted_data_hash\" value=\"\" \/>\n<\/div>\n<p>A. Veri Sahibinin ileti\u015fim bilgileri:<\/p>\n<p>* Ad\u0131-Soyad\u0131:<br \/>\n<span class=\"wpcf7-form-control-wrap your-name\"><input type=\"text\" name=\"your-name\" value=\"\" size=\"40\" class=\"wpcf7-form-control wpcf7-text wpcf7-validates-as-required\" aria-required=\"true\" aria-invalid=\"false\" \/><\/span><\/p>\n<p>* TC Kimlik Numaras\u0131:<br \/>\n<span class=\"wpcf7-form-control-wrap tckn\"><input type=\"text\" name=\"tckn\" value=\"\" size=\"40\" class=\"wpcf7-form-control wpcf7-text wpcf7-validates-as-required\" aria-required=\"true\" aria-invalid=\"false\" \/><\/span><\/p>\n<p>* Telefon ve Fax Numaras\u0131:<br \/>\n<span class=\"wpcf7-form-control-wrap telnfax\"><input type=\"text\" name=\"telnfax\" value=\"\" size=\"40\" class=\"wpcf7-form-control wpcf7-text wpcf7-validates-as-required\" aria-required=\"true\" aria-invalid=\"false\" \/><\/span><\/p>\n<p>* Elektronik posta adresi:<br \/>\n<span class=\"wpcf7-form-control-wrap your-email\"><input type=\"email\" name=\"your-email\" value=\"\" size=\"40\" class=\"wpcf7-form-control wpcf7-text wpcf7-email wpcf7-validates-as-required wpcf7-validates-as-email\" aria-required=\"true\" aria-invalid=\"false\" \/><\/span><\/p>\n<p>* \u0130\u015fyeri veya \u0130kamet Adresi:<br \/>\n<span class=\"wpcf7-form-control-wrap adres\"><textarea name=\"adres\" cols=\"40\" rows=\"10\" class=\"wpcf7-form-control wpcf7-textarea wpcf7-validates-as-required\" aria-required=\"true\" aria-invalid=\"false\"><\/textarea><\/span><\/p>\n<p>B. L\u00fctfen veri sahibi olarak \u015eirket ile olan ili\u015fkinizi belirtiniz.(M\u00fc\u015fteri, \u00e7al\u0131\u015fan, eski \u00e7al\u0131\u015fan, \u00fc\u00e7\u00fcnc\u00fc taraf firma \u00e7al\u0131\u015fan\u0131 vb.)<br \/>\nHizmet al\u0131nmas\u0131\/al\u0131nm\u0131\u015f olmas\u0131 halinde doldurulacakt\u0131r.<\/p>\n<p><span class=\"wpcf7-form-control-wrap iliki\"><span class=\"wpcf7-form-control wpcf7-radio\"><span class=\"wpcf7-list-item first\"><label><input type=\"radio\" name=\"iliki\" value=\"M\u00fc\u015fteriyim\" \/><span class=\"wpcf7-list-item-label\">M\u00fc\u015fteriyim<\/span><\/label><\/span><span class=\"wpcf7-list-item last\"><label><input type=\"radio\" name=\"iliki\" value=\"Eski M\u00fc\u015fteriyim\" \/><span class=\"wpcf7-list-item-label\">Eski M\u00fc\u015fteriyim<\/span><\/label><\/span><\/span><\/span><\/p>\n<p>Di\u011fer ise:<br \/>\n<span class=\"wpcf7-form-control-wrap diger-ise\"><input type=\"text\" name=\"diger-ise\" value=\"\" size=\"40\" class=\"wpcf7-form-control wpcf7-text\" aria-invalid=\"false\" \/><\/span><\/p>\n<p>Hizmet al\u0131nan Birimler:<br \/>\n<span class=\"wpcf7-form-control-wrap hizmet-alinan\"><textarea name=\"hizmet-alinan\" cols=\"40\" rows=\"10\" class=\"wpcf7-form-control wpcf7-textarea\" aria-invalid=\"false\"><\/textarea><\/span><\/p>\n<p>\u015eirket\u2019te \u00e7al\u0131\u015f\u0131lmas\u0131\/\u00e7al\u0131\u015f\u0131lm\u0131\u015f olmas\u0131 ya da \u00fc\u00e7\u00fcnc\u00fc taraf \u00e7al\u0131\u015fan\u0131 olunmas\u0131 halinde doldurulacakt\u0131r.<\/p>\n<p><span class=\"wpcf7-form-control-wrap nasil_calisan\"><span class=\"wpcf7-form-control wpcf7-radio\"><span class=\"wpcf7-list-item first\"><label><input type=\"radio\" name=\"nasil_calisan\" value=\"Mevcut \u00c7al\u0131\u015fan\u0131m\" \/><span class=\"wpcf7-list-item-label\">Mevcut \u00c7al\u0131\u015fan\u0131m<\/span><\/label><\/span><span class=\"wpcf7-list-item last\"><label><input type=\"radio\" name=\"nasil_calisan\" value=\"Eski \u00c7al\u0131\u015fan\u0131m\" \/><span class=\"wpcf7-list-item-label\">Eski \u00c7al\u0131\u015fan\u0131m<\/span><\/label><\/span><\/span><\/span><\/p>\n<p>\u00c7al\u0131\u015ft\u0131\u011f\u0131m Y\u0131llar Ba\u015flang\u0131\u00e7:<br \/>\n<span class=\"wpcf7-form-control-wrap calisilan-yillar\"><input type=\"date\" name=\"calisilan-yillar\" value=\"\" class=\"wpcf7-form-control wpcf7-date wpcf7-validates-as-date\" aria-invalid=\"false\" \/><\/span><\/p>\n<p>\u00c7al\u0131\u015ft\u0131\u011f\u0131m Y\u0131llar Biti\u015f:<br \/>\n<span class=\"wpcf7-form-control-wrap calisilan-yillar1\"><input type=\"date\" name=\"calisilan-yillar1\" value=\"\" class=\"wpcf7-form-control wpcf7-date wpcf7-validates-as-date\" aria-invalid=\"false\" \/><\/span><\/p>\n<p><span class=\"wpcf7-form-control-wrap nasil_calisan_2\"><span class=\"wpcf7-form-control wpcf7-checkbox\"><span class=\"wpcf7-list-item first last\"><label><input type=\"checkbox\" name=\"nasil_calisan_2[]\" value=\"\u0130\u015f Ba\u015fvurusu \/ \u00d6zge\u00e7mi\u015f Payla\u015f\u0131m\u0131 Yapt\u0131m\" \/><span class=\"wpcf7-list-item-label\">\u0130\u015f Ba\u015fvurusu \/ \u00d6zge\u00e7mi\u015f Payla\u015f\u0131m\u0131 Yapt\u0131m<\/span><\/label><\/span><\/span><\/span><\/p>\n<p>Payla\u015f\u0131m Tarihi:<br \/>\n<span class=\"wpcf7-form-control-wrap calisilan-yillar-2\"><input type=\"date\" name=\"calisilan-yillar-2\" value=\"\" class=\"wpcf7-form-control wpcf7-date wpcf7-validates-as-date\" aria-invalid=\"false\" \/><\/span><\/p>\n<p>\u00c7al\u0131\u015ft\u0131\u011f\u0131n\u0131z firma ve pozisyon bilgisini belirtiniz:<br \/>\n<span class=\"wpcf7-form-control-wrap calisilan-yer\"><input type=\"text\" name=\"calisilan-yer\" value=\"\" size=\"40\" class=\"wpcf7-form-control wpcf7-text\" aria-invalid=\"false\" \/><\/span><\/p>\n<p>Di\u011fer ise:<br \/>\n<span class=\"wpcf7-form-control-wrap calisilan-yer-diger\"><input type=\"text\" name=\"calisilan-yer-diger\" value=\"\" size=\"40\" class=\"wpcf7-form-control wpcf7-text\" aria-invalid=\"false\" \/><\/span><\/p>\n<p>C. *L\u00fctfen Ki\u015fisel Verilerin Korunmas\u0131 Kanunu kapsam\u0131ndaki talebinizi detayl\u0131 olarak belirtiniz:<br \/>\n*Talep konusuna ili\u015fkin bilgi ve belgeleri ba\u015fvuruya ekleyiniz.<br \/>\n<span class=\"wpcf7-form-control-wrap detayli-talep\"><textarea name=\"detayli-talep\" cols=\"40\" rows=\"10\" class=\"wpcf7-form-control wpcf7-textarea wpcf7-validates-as-required\" aria-required=\"true\" aria-invalid=\"false\"><\/textarea><\/span><br \/>\nDosya ekle:<br \/>\n<span class=\"wpcf7-form-control-wrap dosya\"><input type=\"file\" name=\"dosya\" size=\"40\" class=\"wpcf7-form-control wpcf7-file\" accept=\".jpg,.jpeg,.png,.gif,.pdf,.doc,.docx,.ppt,.pptx,.odt,.avi,.ogg,.m4a,.mov,.mp3,.mp4,.mpg,.wav,.wmv\" aria-invalid=\"false\" \/><\/span><\/p>\n<p><input type=\"submit\" value=\"Formu G\u00f6nder\" class=\"wpcf7-form-control wpcf7-submit\" \/><\/p>\n<div class=\"wpcf7-response-output\" aria-hidden=\"true\"><\/div><\/form><\/div><div class=\"tlg-spacer  \" data-height=\"30\" data-height-tablet=\"20\" data-height-mobile=\"10\" style=\"clear:both;display:block;height:30px;\"><\/div>[vc_column_text]<strong>A\u00e7\u0131klama<\/strong><\/p>\n<p><a href=\"http:\/\/distileicki.com.tr\/wp-content\/uploads\/2021\/01\/DISTILE-Basvuru-Formu.docx\">Bu formu<\/a> doldurarak, imzal\u0131 bir \u00f6rne\u011fini<\/p>\n<ul>\n<li>[<strong>B\u00fcy\u00fckdere Caddesi, Meydan Sokak, Spring Giz Plaza, Kat.1 Daire: 21-22 Maslak-Sar\u0131yer-\u0130stanbul<\/strong>]adresine kimlik teyidinizin yap\u0131lmas\u0131 sa\u011flanarak bizzat; veya<\/li>\n<li>[<a href=\"mailto:distile@hs03.kep.tr\"><strong>distile@hs03.kep.tr<\/strong><\/a> ] posta adresine veya<\/li>\n<li>G\u00fcvenli elektronik veya mobil imzan\u0131z ile [<strong>info@distileicki.com.tr<\/strong>] adresine veya<\/li>\n<li>Kimlik teyidinizin yap\u0131lmas\u0131 sa\u011flanarak, Kanun ve ilgili mevzuatta belirtilen di\u011fer usuller ile taraf\u0131m\u0131za iletebilirsiniz.<\/li>\n<\/ul>\n<p>&nbsp;<\/p>\n<p>Doldurmu\u015f oldu\u011funuz i\u015fbu ba\u015fvuru formu, \u015eirketimizle olan ili\u015fkinizi tespit ederek, varsa, \u015eirketimiz taraf\u0131ndan i\u015flenen ki\u015fisel verilerinizi eksiksiz ve isabetli olarak ilgili ba\u015fvurunuza do\u011fru ve kanuni s\u00fcresi i\u00e7erisinde cevap verilebilmesi i\u00e7in tanzim edilmi\u015ftir. Hukuka ayk\u0131r\u0131 ve haks\u0131z bir \u015fekilde veri payla\u015f\u0131m\u0131ndan kaynaklanabilecek hukuki risklerin bertaraf edilmesi ve \u00f6zellikle ki\u015fisel verilerinizin g\u00fcvenli\u011finin sa\u011flanmas\u0131 amac\u0131yla, kimlik ve yetki tespiti i\u00e7in \u015eirketimiz ek evrak ve malumat (N\u00fcfus c\u00fczdan\u0131 veya s\u00fcr\u00fcc\u00fc belgesi sureti vb.) talep etme hakk\u0131n\u0131 sakl\u0131 tutar. Adrese\/e-posta g\u00f6nderilmesi s\u0131ras\u0131nda \u00e7\u0131kacak sorunlardan \u015eirketimiz sorumlu de\u011fildir. Form kapsam\u0131nda iletmekte oldu\u011funuz taleplerinize ili\u015fkin bilgilerin do\u011fru ve g\u00fcncel olmamas\u0131 ya da yetkisiz bir ba\u015fvuru yap\u0131lmas\u0131 halinde \u015eirketimiz, s\u00f6z konusu yanl\u0131\u015f bilgi ya da yetkisiz ba\u015fvuru kaynakl\u0131 taleplerden dolay\u0131 mesuliyet kabul etmemektedir.[\/vc_column_text][\/vc_column][vc_column width=&#8221;1\/6&#8243;][\/vc_column][\/vc_row]<\/p>\n","protected":false},"excerpt":{"rendered":"<p>[vc_row tlg_background_style=&#8221;bg-dark&#8221; tlg_padding=&#8221;pt0&#8243; css=&#8221;.vc_custom_1565801000259{background-color: #444444 !important;}&#8221;][vc_column width=&#8221;1\/6&#8243;][\/vc_column][vc_column width=&#8221;2\/3&#8243;][vc_column_text]A\u00e7\u0131klama Bu formu doldurarak, imzal\u0131 bir \u00f6rne\u011fini [B\u00fcy\u00fckdere Caddesi, Meydan Sokak, Spring Giz Plaza, Kat.1 Daire: 21-22 Maslak-Sar\u0131yer-\u0130stanbul]adresine kimlik teyidinizin yap\u0131lmas\u0131 sa\u011flanarak bizzat; veya [distile@hs03.kep.tr ] posta adresine veya G\u00fcvenli elektronik veya mobil imzan\u0131z ile [info@distileicki.com.tr] adresine veya Kimlik teyidinizin yap\u0131lmas\u0131 sa\u011flanarak, Kanun ve ilgili mevzuatta belirtilen di\u011fer&#8230;<\/p>\n","protected":false},"author":1,"featured_media":0,"parent":0,"menu_order":0,"comment_status":"closed","ping_status":"closed","template":"","meta":{"footnotes":""},"class_list":["post-1953","page","type-page","status-publish","hentry"],"_links":{"self":[{"href":"https:\/\/distileicki.com.tr\/index.php\/wp-json\/wp\/v2\/pages\/1953","targetHints":{"allow":["GET"]}}],"collection":[{"href":"https:\/\/distileicki.com.tr\/index.php\/wp-json\/wp\/v2\/pages"}],"about":[{"href":"https:\/\/distileicki.com.tr\/index.php\/wp-json\/wp\/v2\/types\/page"}],"author":[{"embeddable":true,"href":"https:\/\/distileicki.com.tr\/index.php\/wp-json\/wp\/v2\/users\/1"}],"replies":[{"embeddable":true,"href":"https:\/\/distileicki.com.tr\/index.php\/wp-json\/wp\/v2\/comments?post=1953"}],"version-history":[{"count":6,"href":"https:\/\/distileicki.com.tr\/index.php\/wp-json\/wp\/v2\/pages\/1953\/revisions"}],"predecessor-version":[{"id":8729,"href":"https:\/\/distileicki.com.tr\/index.php\/wp-json\/wp\/v2\/pages\/1953\/revisions\/8729"}],"wp:attachment":[{"href":"https:\/\/distileicki.com.tr\/index.php\/wp-json\/wp\/v2\/media?parent=1953"}],"curies":[{"name":"wp","href":"https:\/\/api.w.org\/{rel}","templated":true}]}}